ide 6/30 + 2234/5 + 0?
False
Suppose 11 = 7*g - 3. Suppose 3*j + g*f - 772 = 0, 5*j + 2*f = -2*f + 1290. Is 20 a factor of j?
False
Suppose 0 = p + 4*v - 2528, 10*p - 12530 = 5*p + 2*v. Is 12 a factor of p?
True
Suppose -m - 10 = -4*s - 0*s, 3*s - 3*m = 12. Suppose -2*c = -s*w - 122, 2*c - 128 = -4*w + 3*w. Is c a multiple of 2?
False
Suppose -4*d - 4*b = -2140, -b = -3*d + 4*b + 1645. Does 10 divide d?
True
Is 8 a factor of (-1 - 28/(-20)) + (-2823)/(-5)?
False
Let g(d) = -d**2 + 9*d + 11. Is g(6) a multiple of 29?
True
Let u(k) = -3*k + k**2 - 7*k + 10*k + k. Let l(t) = t**2 + 7*t + 6. Let a be l(-5). Is 7 a factor of u(a)?
False
Suppose 0 = 4*n - 5*b + 4*b - 63, 54 = 4*n + 2*b. Suppose -83 = -5*c - 4*d, n = -d - 4*d. Is 3 a factor of c?
False
Let f(m) be the second derivative of 13*m**4/12 - 2*m**3/3 + 2*m**2 + 12*m - 1. Let n(i) = -i**3 + 8*i**2 - 8*i + 9. Let w be n(7). Is 12 a factor of f(w)?
True
Does 5 divide ((-8)/(-14))/((-76)/(-176092))?
False
Suppose -24 = -y - 5*y. Suppose 5*z = -2*s - 25, 20 = y*s - 2*z - 2*z. Suppose 5*n + 1 - 21 = s. Is n a multiple of 4?
True
Let s = -12 + 15. Suppose 230 = 3*v - 4*y, -2*y = s*v - 2*v - 80. Does 39 divide v?
True
Is (-1410)/(-8) + (-72)/288 a multiple of 8?
True
Let y(o) = o**2 - 5*o + 82. Is y(-10) even?
True
Suppose 326 = 3*r - 5*x, 8*x - 10 = 3*x. Is r a multiple of 3?
False
Let v(a) = 2*a**3 + 30*a**2 + 85*a - 7. Is v(-8) a multiple of 4?
False
Let o(j) = -j**3 + 13*j**2 - 13*j + 14. Let a be o(12). Let q(l) = 4*l**3 + 3*l**2 - 2*l - 2. Let t be q(a). Let g = 68 - t. Does 18 divide g?
False
Let t(u) = 14*u**2 - u - 1. Let o be t(5). Let f = o - 154. Does 16 divide f?
False
Suppose -9*p + 237 = -123. Is 2 a factor of p?
True
Let m be 6 - -1 - (0 + 1 - 2). Does 6 divide (5 + 19)*4/m?
True
Let v = -527 - -1562. Is v a multiple of 4?
False
Let v(t) = t - 10. Let u be v(-10). Let z = u + 22. Suppose 8*c - z*c = 480. Does 16 divide c?
True
Let j be 1 + 4152/32 + (-3)/4. Let x = j - 92. Is 38 a factor of x?
True
Let y(h) = h**3 + 2*h**2 - 3*h. Let s be y(-3). Suppose 2*c - 18 = -s. Suppose 11 = n - c. Is 6 a factor of n?
False
Let o = -42 - -45. Let z(t) = 2 + 2*t + 12 - o*t + 12. Is z(8) a multiple of 4?
False
Suppose 0 = 3*w - l - 1626, -2*l = 4*w - 2586 + 428. Does 30 divide w?
False
Suppose 16 + 8 = -j. Is 4*j/15*20/(-4) a multiple of 5?
False
Suppose 4*g = 5*a - 10, -3*g = -4*g - 3*a + 6. Suppose 1 = -d, d = -w - g*d - 21. Is 14 a factor of ((-84)/10)/(3/w)?
True
Does 17 divide (-4)/(-30) + (-15270)/(-225)?
True
Let x be (0 + 4 - 4)/2. Suppose 0 = 2*s + z - 1, 3*s + 9 = -x*z - 5*z. Suppose 3*c + 4*d = 127, -116 = -2*c - s*d - 34. Is 20 a factor of c?
False
Is (-1)/(-4)*-10 + (-13855)/(-34) a multiple of 15?
True
Let j = 654 + -492. Does 6 divide j?
True
Suppose 0 = b + 4, -14*h + 13*h + 146 = b. Does 19 divide h?
False
Suppose -3*b = 5*n - 9025, -n = -5*b + 1932 + 13063. Is b a multiple of 40?
True
Suppose -53 = -18*h + 1495. Is h even?
True
Suppose 2464 + 1621 = 5*f. Is f a multiple of 19?
True
Suppose 53856 = -10*r + 42*r. Is r a multiple of 16?
False
Let x = 19 + -67. Let z = x + 137. Does 10 divide z?
False
Suppose 8*v - 528 - 7888 = 0. Is v a multiple of 10?
False
Suppose 0 = -4*z - 5*t + 1508, -110*t + 377 = z - 107*t. Is 4 a factor of z?
False
Suppose -k = -2*h - h - 405, 2*h = -6. Is 11 a factor of k?
True
Suppose 0 = -4*d - a + 1776, 5*d - 505 = -3*a + 1715. Is d a multiple of 12?
True
Let w(f) be the first derivative of -13*f**2/2 - 33*f - 5. Does 27 divide w(-15)?
True
Let t(y) = -15*y + 5. Suppose 3*d = -164 + 158. Does 13 divide t(d)?
False
Let f = -48 + 1. Let t = f - -84. Is t a multiple of 7?
False
Let u = 159 - -84. Suppose u = -4*a + 5*a. Is a a multiple of 9?
True
Does 12 divide (-362)/(((-40)/50)/((-2)/(-5)))?
False
Suppose 5*y - 24 = 4*r, -r - 2*y - y - 23 = 0. Let j(h) = 2*h + 12. Let i(x) = 8*x + 49. Let v(s) = 2*i(s) - 9*j(s). Is 6 a factor of v(r)?
True
Let v(p) = -7 + 3*p**2 - 13*p - 2*p**2 - 1 + 2. Let i be v(14). Suppose 0 = -r + 4*s + 58, 0 = -4*r - i*s + 3*s + 148. Is r a multiple of 14?
True
Let r = -47 - -52. Suppose 4*a + v - 5*v - 52 = 0, 63 = r*a - 3*v. Is a a multiple of 3?
True
Suppose -3*g + 0*g = -27. Suppose -g*c - 856 = -17*c. Does 42 divide c?
False
Let k = 84 - -62. Let v = k + -100. Let u = -10 + v. Is 36 a factor of u?
True
Let o(h) = 60*h + 12. Let r be o(-3). Is 48/r + (-142)/(-7) a multiple of 10?
True
Let u = -722 + 1155. Is 34 a factor of u?
False
Suppose 3*d + 870 = -2*d. Let i = -78 - d. Is i a multiple of 16?
True
Let b(r) = -4*r + 19. Let q(h) = -h**2 + 12*h - 8. Let c be q(12). Does 17 divide b(c)?
True
Let n(a) = -a**3 - 15*a**2 - 14*a - 2. Let i be n(-14). Let z(h) = 36*h**2 + 7*h + 15. Does 29 divide z(i)?
True
Let x = -19 - -24. Suppose 5*q - 182 = -4*o, 0*o + x*q = 4*o - 162. Is o a multiple of 8?
False
Suppose -49*p = -70*p + 29106. Is p a multiple of 65?
False
Let d(l) be the second derivative of -l**5/20 + 7*l**4/6 + 2*l**3/3 + 2*l**2 - 6*l. Does 10 divide d(14)?
True
Let z = -134 - -127. Let y(k) = -4*k**2 - 4*k**2 + k**2 - 7 - 2*k - k**3. Is y(z) a multiple of 3?
False
Let v be (-5)/(10/6) + 1. Does 3 divide v*(1*-3 + (-28)/8)?
False
Let m be 178/(-12) - 10/60. Let r(c) = c**2 + 13*c + 7. Is r(m) a multiple of 6?
False
Let x be -23*(1 + -4 - -2). Suppose -x*h + 15*h = -320. Is h a multiple of 20?
True
Suppose 127472 = 49*x - 85531. Is x a multiple of 23?
True
Let o(h) be the third derivative of h**5/30 + h**4/8 - 13*h**3/6 - 15*h**2. Is o(-10) a multiple of 33?
False
Let l(s) = s**3 + 7*s**2 - 12*s - 26. Let a be l(-8). Suppose 58 = -a*y + 460. Is y a multiple of 31?
False
Suppose -5*c - 4*j = -3*j - 5, -3*c - j = -1. Suppose 0 = x + k - 301, c*x - 4*x = -2*k - 614. Does 22 divide x?
False
Suppose 5*x - 82 - 8 = 0. Suppose 16*q = x*q - 576. Is q a multiple of 41?
False
Does 10 divide (7688/28)/1 + 16/(-28)?
False
Suppose 4*d + d = 25. Suppose -d*n + 77 = f, -3*f + n = -2*n - 213. Is 19 a factor of f?
False
Suppose 8*j + 1710 = 27*j. Let o = -49 + j. Is 41 a factor of o?
True
Let p = 2049 + -849. Does 50 divide p?
True
Let b = 14 - 15. Is 2 a factor of (-12)/b*2/2?
True
Let h(d) = -d**3 + 9*d**2 + 4*d - 5. Let q be h(9). Suppose -4*z = j - q, -3*j - 3*z - 178 = -8*j. Does 13 divide j?
False
Is 7 a factor of (-48)/(-36) + 1311/9?
True
Suppose 19*v - 4485 = 6*v. Is v a multiple of 69?
True
Suppose 5*o - 3*w + 0*w = -322, 166 = -3*o - 5*w. Let d = -44 - o. Is 9 a factor of d?
True
Let o(i) = 18*i + 39. Let h(p) = 37*p + 79. Let d(w) = -3*h(w) + 7*o(w). Does 29 divide d(10)?
False
Let m = -196 - -320. Does 4 divide m?
True
Let c(i) = 6*i + 3*i**2 - 1 + 13 + 0*i + 3. Is c(-5) a multiple of 8?
False
Let r be 18/((-14)/4 + 2). Let x(s) be the first derivative of -2*s**2 - 6*s - 3. Is 21 a factor of x(r)?
True
Let l(i) = 533*i**3 + 2*i**2 + 9*i - 18. Is 16 a factor of l(2)?
True
Suppose -126*d + 60320 = -100*d. Is d a multiple of 18?
False
Let b be (-22)/3 - (-10)/(-15). Is b/3*51/(-4) a multiple of 10?
False
Is 5 a factor of (-18)/(-15)*(-180)/(-8)?
False
Is -225*5/((-30)/26) a multiple of 39?
True
Let j(g) = g - 9. Let w be j(9). Suppose -s = 4*c - 1, -4*s = 3*c + c - 16. Suppose 2*m - s*h - 17 = w, -95 = -5*m - 8*h + 3*h. Does 5 divide m?
False
Suppose 2*s - 7*s = 205. Suppose 5*b + 7 + 103 = 0. Let u = b - s. Is 19 a factor of u?
True
Suppose 0 = -4*h + 74 - 54. Suppose -5*p = -c + 76, -4*c + h*p = -0*c - 289. Does 11 divide c?
False
Let r be (-3)/((-5)/((-30)/(-9))). Let f(l) = -2*l**2 + 8*l**3 - 10*l**3 - r*l + l + 4*l. Does 13 divide f(-3)?
False
Suppose 2*p - i - i - 36 = 0, -5*p = -i - 82. Let a = 28 - p. Is a even?
True
Suppose 11*k = 19*k - 26112. Suppose 2*l = -15*l + k. Is l a multiple of 16?
True
Suppose -2*c = -2*v + 4, c + v = -1 + 9. Let s be 93/12 - c/4. Let j = s + 19. Is j a multiple of 13?
True
Suppose 0 = -5*j - i + 14 + 4, -4*j - 2*i + 12 = 0. Is (0 - j/4) + 38 a multiple of 22?
False
Is 5 a factor of ((-30)/(-8))/((-2)/(-88))?
True
Let v = -98 + 193. Let i = -90 + v. Is i a multiple of 4?
False
Suppose 0 = 2*z - 305 + 97. Suppose -i - 5*d = -124, i - 2*d + 3*d = z. Does 27 divide i?
False
Let j be (9 - 8)/((-2)/(-20)). Let h be (-8)/20 + 34/j. Suppose -2*d = -15 + h. Does 4 divide d?
False
Suppose 0*q - 3 = 